a multiple of 204?
True
Is 95881733 a multiple of 695?
False
Is 117 a factor of 352889316?
True
Is 1401684 a multiple of 8?
False
Is 91 a factor of 403983762?
True
Is 5024 a factor of 190314144?
True
Is 10137979 a multiple of 14?
False
Is 3521 a factor of 2367893278?
False
Is 42606378 a multiple of 86?
True
Is 26 a factor of 76107772?
True
Does 6 divide 2071602?
True
Is 75112557 a multiple of 13?
True
Does 15 divide 79960830?
True
Does 19 divide 3119021?
True
Does 321 divide 414773752?
False
Is 2139148 a multiple of 122?
True
Does 44 divide 454332754?
False
Is 568 a factor of 13312489?
False
Is 789959448 a multiple of 48?
False
Is 272652087 a multiple of 6490?
False
Does 1229 divide 71415504?
False
Is 7 a factor of 441789873?
True
Does 1833 divide 228755628?
False
Is 364877944 a multiple of 134?
False
Does 54 divide 1274638302?
True
Is 108185310 a multiple of 71?
False
Is 466294896 a multiple of 115?
False
Is 162780294 a multiple of 163?
False
Does 51 divide 32713083?
True
Is 836467540 a multiple of 10?
True
Is 315 a factor of 43422182?
False
Is 99783 a multiple of 9?
True
Does 46 divide 748121911?
False
Is 10584336 a multiple of 327?
True
Is 4685116399 a multiple of 317?
True
Is 20245302 a multiple of 33?
True
Is 19677373 a multiple of 3?
False
Does 394 divide 635233986?
True
Does 616 divide 5870480?
True
Does 519 divide 21180909?
True
Does 48 divide 16970160?
True
Is 2374725260 a multiple of 4367?
False
Does 65 divide 747170?
False
Is 29759093 a multiple of 23?
False
Is 678312675 a multiple of 333?
True
Is 419 a factor of 3438458136?
True
Is 1494 a factor of 6854472?
True
Is 1571556267 a multiple of 777?
False
Is 28350550 a multiple of 50?
True
Is 21 a factor of 157178133?
True
Is 208274336 a multiple of 9?
False
Is 151281756 a multiple of 324?
True
Is 49 a factor of 29089438?
True
Is 36058056 a multiple of 21?
False
Does 21 divide 186486867?
True
Is 85703129 a multiple of 62?
False
Is 96283609 a multiple of 9?
False
Is 3 a factor of 9070077?
True
Is 1222 a factor of 70876?
True
Is 28 a factor of 110795132?
True
Is 56660638 a multiple of 23?
True
Is 9622 a factor of 2138618090?
False
Is 1016 a factor of 42971487?
False
Is 144734492 a multiple of 46?
True
Is 11874632 a multiple of 8?
True
Does 39 divide 9646338?
True
Does 7 divide 12032284?
False
Is 50456643 a multiple of 1758?
False
Does 30 divide 874582860?
True
Does 553 divide 652884519?
True
Is 68 a factor of 207269508?
True
Is 18118647 a multiple of 183?
True
Is 26314548 a multiple of 47?
True
Does 191 divide 12139960?
True
Does 4 divide 54467348?
True
Is 20 a factor of 85574077?
False
Is 1337 a factor of 132257377?
True
Does 58 divide 427621124?
True
Does 690 divide 12460710?
True
Is 1563114159 a multiple of 73?
False
Is 626 a factor of 84775185?
False
Does 46 divide 1036819346?
True
Is 81 a factor of 549261?
True
Is 14 a factor of 582739613?
False
Is 4644701000 a multiple of 100?
True
Does 1181 divide 140042980?
True
Is 6272 a factor of 472112256?
True
Is 589 a factor of 2143101238?
True
Does 4 divide 38390172?
True
Is 169 a factor of 481149412?
False
Does 85 divide 530335060?
True
Is 208 a factor of 94456182?
False
Is 358 a factor of 6812645?
False
Is 65 a factor of 2070011?
False
Is 379297275 a multiple of 4963?
True
Does 34 divide 469848958?
True
Is 45528768 a multiple of 18?
True
Does 22 divide 802544888?
False
Is 17 a factor of 31851251?
True
Is 2 a factor of 24680988?
True
Does 12 divide 101384885?
False
Does 62 divide 1021358178?
True
Is 6 a factor of 104888355?
False
Is 454693978 a multiple of 9?
False
Is 292 a factor of 2935572068?
True
Is 1335136902 a multiple of 66?
True
Is 19579615 a multiple of 1182?
False
Is 326521929 a multiple of 246?
False
Is 3674616 a multiple of 1364?
True
Is 4 a factor of 13231836?
True
Is 37734735 a multiple of 1211?
False
Is 5 a factor of 60285265?
True
Is 45 a factor of 226274130?
True
Is 6 a factor of 7499117?
False
Does 3179 divide 77749516?
False
Does 12 divide 11884941?
False
Does 10 divide 7824931?
False
Does 5 divide 7722594?
False
Does 30 divide 2066128?
False
Does 94 divide 174940392?
True
Does 45 divide 3990021?
False
Is 192771236 a multiple of 1253?
False
Is 10 a factor of 373947869?
False
Is 814333410 a multiple of 293?
False
Does 138 divide 1061684922?
True
Is 1088 a factor of 22165824?
True
Does 27 divide 63729344?
False
Is 1355642765 a multiple of 93?
False
Does 3 divide 36508797?
True
Is 238 a factor of 33889296?
True
Does 1920 divide 2732741760?
True
Is 310191312 a multiple of 12?
True
Does 678 divide 80347982?
False
Does 152 divide 218531040?
False
Is 5489304 a multiple of 24?
True
Does 257 divide 96535254?
False
Is 40284801 a multiple of 10?
False
Does 15 divide 116016594?
False
Is 795855456 a multiple of 2376?
True
Is 356478827 a multiple of 182?
False
Is 177 a factor of 322281101?
False
Does 208 divide 12184848?
True
Does 876 divide 98853972?
True
Does 18 divide 55905066?
True
Does 50 divide 1413050?
True
Is 17710024 a multiple of 2675?
False
Is 132 a factor of 248307444?
True
Is 921042650 a multiple of 2626?
False
Does 108 divide 8586972?
True
Is 19 a factor of 217532083?
True
Is 1850 a factor of 1299156950?
True
Is 689 a factor of 1151915674?
True
Is 109825161 a multiple of 25?
False
Is 1049 a factor of 147491498?
True
Does 40 divide 617242443?
False
Is 726 a factor of 230470552?
False
Does 3 divide 79302869?
False
Does 468 divide 200010096?
True
Is 10409764 a multiple of 182?
False
Is 408438471 a multiple of 147?
True
Is 613974042 a multiple of 66?
True
Does 23 divide 319287403?
True
Is 341778861 a multiple of 9?
True
Does 33 divide 3459234?
False
Does 27 divide 9355770?
True
Is 175379772 a multiple of 1808?
False
Does 2167 divide 272863276?
False
Is 49688565 a multiple of 426?
False
Is 1458 a factor of 1113839312?
False
Does 656 divide 2963152?
True
Is 6722208 a multiple of 9?
True
Is 235 a factor of 3062332478?
False
Is 866 a factor of 29144364?
True
Is 31512668 a multiple of 9152?
False
Does 22 divide 1298945372?
False
Is 690 a factor of 24994560?
True
Is 991 a factor of 8963005?
False
Is 3101 a factor of 404072704?
True
Is 66 a factor of 46068792?
True
Does 51 divide 55870806?
True
Is 4006 a factor of 1894381316?
True
Does 1234 divide 24719488?
True
Is 627471487 a multiple of 336?
False
Is 668 a factor of 539906324?
True
Does 1275 divide 1693945875?
True
Is 579915487 a multiple of 11?
False
Does 91 divide 925903069?
True
Is 43 a factor of 39256764?
True
Is 200452928 a multiple of 32?
True
Does 1227 divide 72138307?
False
Is 156887608 a multiple of 236?
True
Does 1576 divide 110699816?
True
Is 1478 a factor of 32353420?
True
Is 900263088 a multiple of 48?
True
Is 381736574 a multiple of 75?
False
Does 176 divide 691804639?
False
Is 224 a factor of 41110720?
True
Is 305088894 a multiple of 11946?
True
Is 6538 a factor of 390593196?
True
Does 963 divide 385779726?
True
Is 2273454204 a multiple of 172?
True
Does 7 divide 8643148?
False
Does 176 divide 1844959952?
True
Is 2390 a factor of 49652250?
True
Does 263 divide 86697246?
False
Is 37 a factor of 482397194?
True
Does 903 divide 1606666705?
False
Is 19332814 a multiple of 874?
False
Is 47815100 a multiple of 25?
True
Is 6149 a factor of 141505697?
False
Is 1958 a factor of 1157258807?
False
Is 113742390 a multiple of 10?
True
Does 313 divide 27879536?
True
Is 23 a factor of 61949833?
True
Is 45 a factor of 260018974?
False
Is 165 a factor of 45474942?
False
Does 9 divide 179241183?
True
Is 24 a factor of 244907208?
True
Is 13 a factor of 122457220?
False
Does 13 divide 5679729?
False
Is 204 a factor of 3228708?
True
Is 9 a factor of 17989560?
True
Is 286802585 a multiple of 2286?
False
Does 223 divide 67236069?
False
Does 4579 divide 123939793?
True
Does 11 divide 123518733?
False
Is 306190594 a multiple of 1103?
True
Does 55 divide 10950500?
True
Does 3432 divide 440126544?
True
Is 1192260 a multiple of 3205?
True
Does 358 divide 70285424?
True
Is 76 a factor of 1764876332?
True
Does 194 divide 22184676?
True
Is 48170144 a multiple of 3?
False
Is 501 a factor of 9271005?
True
Does 805 divide 3645308692?
False
Does 17 divide 1977665182?
True
Is 69921492 a multiple of 1212?
True
Does 1121 divide 12629186?
True
Does 20 divide 17030700?
True
Is 4995484356 a multiple o